{"id":10442,"date":"2026-01-14T11:03:47","date_gmt":"2026-01-14T11:03:47","guid":{"rendered":"https:\/\/anascreccatravel.com\/es\/?page_id=10442"},"modified":"2026-01-14T11:03:47","modified_gmt":"2026-01-14T11:03:47","slug":"planificacion-y-produccion-de-eventos","status":"publish","type":"page","link":"https:\/\/anascreccatravel.com\/es\/planificacion-y-produccion-de-eventos\/","title":{"rendered":"Planificaci\u00f3n y Producci\u00f3n de Eventos"},"content":{"rendered":"<p>Como uno de los operadores tur\u00edsticos y agencias de viajes l\u00edderes en Turqu\u00eda desde<br \/>\n2012, Anas Crecca tambi\u00e9n se especializa en la planificaci\u00f3n y ejecuci\u00f3n de<br \/>\neventos corporativos y privados a trav\u00e9s de su talentoso y experimentado equipo.<br \/>\nNuestros profesionales poseen un conocimiento profundo de las costumbres locales,<br \/>\nla gastronom\u00eda y los recintos, garantizando que cada evento y tour grupal sea fluido,<br \/>\nbien coordinado y verdaderamente memorable.<br \/>\nAsociarse con un operador local o una Empresa de Gesti\u00f3n de Destinos (DMC) ofrece<br \/>\nventajas significativas, incluyendo el acceso a una amplia experiencia local,<br \/>\nrelaciones s\u00f3lidas con los mejores proveedores y soluciones confiables en catering,<br \/>\ntours grupales y alquiler de recintos. Brindamos un soporte log\u00edstico integral y<br \/>\ngestionamos cada aspecto de la planificaci\u00f3n del evento, permiti\u00e9ndole a usted<br \/>\nenfocarse plenamente en sus objetivos y en la atenci\u00f3n a sus invitados.<br \/>\nYa sea que est\u00e9 organizando un evento en uno de los recintos hist\u00f3ricos de<br \/>\nEstambul, coordinando tours grupales especializados por toda Turqu\u00eda o gestionando<br \/>\nlos requisitos legales y log\u00edsticos para actividades de integraci\u00f3n (team-building),<br \/>\nestamos aqu\u00ed para hacerlo realidad con eficiencia y profesionalismo.<br \/>\nNuestros servicios clave incluyen:<br \/>\n\u00b7 Tours grupales<br \/>\n\u00b7 B\u00fasqueda y gesti\u00f3n de alojamiento<br \/>\n\u00b7 Enlace con proveedores locales<br \/>\n\u00b7 Log\u00edstica y traslados<br \/>\n\u00b7 Servicios de catering<br \/>\n\u00b7 Planificaci\u00f3n y gesti\u00f3n de eventos<br \/>\n\u00b7 B\u00fasqueda de sedes y recintos<br \/>\n\u00b7 Organizaci\u00f3n de actividades de integraci\u00f3n<br \/>\n\u00b7 Int\u00e9rpretes profesionales<br \/>\n\u00b7 Planificaci\u00f3n y coordinaci\u00f3n de entretenimiento<br \/>\n\u00b7 Reclutamiento de anfitriones, artistas y personal para eventos<\/p>\n","protected":false},"excerpt":{"rendered":"<p>Como uno de los operadores tur\u00edsticos y agencias de viajes l\u00edderes en Turqu\u00eda desde 2012, Anas Crecca tambi\u00e9n se especializa en la planificaci\u00f3n y ejecuci\u00f3n de eventos corporativos y privados a trav\u00e9s de su talentoso y experimentado equipo. Nuestros profesionales poseen un conocimiento profundo de las costumbres locales, la gastronom\u00eda y los recintos, garantizando que [&hellip;]<\/p>\n","protected":false},"author":1,"featured_media":0,"parent":0,"menu_order":0,"comment_status":"closed","ping_status":"closed","template":"","meta":{"footnotes":""},"class_list":["post-10442","page","type-page","status-publish","hentry"],"_links":{"self":[{"href":"https:\/\/anascreccatravel.com\/es\/wp-json\/wp\/v2\/pages\/10442","targetHints":{"allow":["GET"]}}],"collection":[{"href":"https:\/\/anascreccatravel.com\/es\/wp-json\/wp\/v2\/pages"}],"about":[{"href":"https:\/\/anascreccatravel.com\/es\/wp-json\/wp\/v2\/types\/page"}],"author":[{"embeddable":true,"href":"https:\/\/anascreccatravel.com\/es\/wp-json\/wp\/v2\/users\/1"}],"replies":[{"embeddable":true,"href":"https:\/\/anascreccatravel.com\/es\/wp-json\/wp\/v2\/comments?post=10442"}],"version-history":[{"count":3,"href":"https:\/\/anascreccatravel.com\/es\/wp-json\/wp\/v2\/pages\/10442\/revisions"}],"predecessor-version":[{"id":10445,"href":"https:\/\/anascreccatravel.com\/es\/wp-json\/wp\/v2\/pages\/10442\/revisions\/10445"}],"wp:attachment":[{"href":"https:\/\/anascreccatravel.com\/es\/wp-json\/wp\/v2\/media?parent=10442"}],"curies":[{"name":"wp","href":"https:\/\/api.w.org\/{rel}","templated":true}]}}

Planificación y Producción de Eventos

<p>Como uno de los operadores turísticos y agencias de viajes líderes en Turquía desde<br />
2012, Anas Crecca también se especializa en la planificación y ejecución de<br />
eventos corporativos y privados a través de su talentoso y experimentado equipo.<br />
Nuestros profesionales poseen un conocimiento profundo de las costumbres locales,<br />
la gastronomía y los recintos, garantizando que cada evento y tour grupal sea fluido,<br />
bien coordinado y verdaderamente memorable.<br />
Asociarse con un operador local o una Empresa de Gestión de Destinos (DMC) ofrece<br />
ventajas significativas, incluyendo el acceso a una amplia experiencia local,<br />
relaciones sólidas con los mejores proveedores y soluciones confiables en catering,<br />
tours grupales y alquiler de recintos. Brindamos un soporte logístico integral y<br />
gestionamos cada aspecto de la planificación del evento, permitiéndole a usted<br />
enfocarse plenamente en sus objetivos y en la atención a sus invitados.<br />
Ya sea que esté organizando un evento en uno de los recintos históricos de<br />
Estambul, coordinando tours grupales especializados por toda Turquía o gestionando<br />
los requisitos legales y logísticos para actividades de integración (team-building),<br />
estamos aquí para hacerlo realidad con eficiencia y profesionalismo.<br />
Nuestros servicios clave incluyen:<br />
· Tours grupales<br />
· Búsqueda y gestión de alojamiento<br />
· Enlace con proveedores locales<br />
· Logística y traslados<br />
· Servicios de catering<br />
· Planificación y gestión de eventos<br />
· Búsqueda de sedes y recintos<br />
· Organización de actividades de integración<br />
· Intérpretes profesionales<br />
· Planificación y coordinación de entretenimiento<br />
· Reclutamiento de anfitriones, artistas y personal para eventos</p>

<p>Como uno de los operadores turísticos y agencias de viajes líderes en Turquía desde 2012, Anas Crecca también se especializa en la planificación y ejecución de eventos corporativos y privados a través de su talentoso y experimentado equipo. Nuestros profesionales poseen un conocimiento profundo de las costumbres locales, la gastronomía y los recintos, garantizando que [&hellip;]</p>
